alculate the greatest common divisor of 18178 and 2086.
298
Calculate the greatest common divisor of 2096 and 32.
16
What is the highest common factor of 28 and 8?
4
Calculate the highest common factor of 341 and 517.
11
What is the greatest common divisor of 8755 and 85?
85
Calculate the greatest common factor of 7263 and 27.
27
What is the greatest common factor of 187 and 136?
17
What is the greatest common divisor of 102 and 2754?
102
Calculate the highest common divisor of 195 and 2275.
65
Calculate the greatest common divisor of 44 and 1760.
44
Calculate the greatest common factor of 16 and 16.
16
What is the greatest common factor of 4 and 92?
4
Calculate the highest common factor of 21887 and 43.
43
What is the highest common divisor of 15 and 3610?
5
What is the greatest common divisor of 23 and 2047?
23
What is the highest common factor of 16 and 3?
1
What is the greatest common factor of 10 and 745?
5
What is the highest common factor of 44 and 12?
4
Calculate the greatest common divisor of 3536 and 52.
52
Calculate the highest common divisor of 30 and 90.
30
What is the highest common divisor of 30243 and 153?
51
Calculate the highest common divisor of 1155 and 42.
21
Calculate the greatest common divisor of 126 and 20916.
126
What is the highest common divisor of 170 and 4658?
34
What is the highest common divisor of 213 and 355?
71
Calculate the greatest common divisor of 1375 and 385.
55
What is the highest common divisor of 1445 and 5?
5
What is the greatest common factor of 29876 and 56?
28
Calculate the greatest common divisor of 185 and 40.
5
Calculate the highest common divisor of 27 and 1263.
3
What is the highest common factor of 22 and 110?
22
Calculate the greatest common factor of 5476 and 37.
37
Calculate the highest common divisor of 12 and 48.
12
What is the highest common factor of 55 and 220?
55
What is the greatest common factor of 3302 and 52?
26
Calculate the greatest common factor of 69 and 23.
23
Calculate the highest common divisor of 116 and 7453.
29
What is the highest common factor of 4092 and 143?
11
Calculate the highest common factor of 38 and 9329.
19
What is the highest common factor of 851 and 437?
23
Calculate the highest common divisor of 6 and 5718.
6
Calculate the greatest common factor of 5 and 430.
5
What is the highest common divisor of 22 and 209?
11
Calculate the greatest common divisor of 760 and 1640.
40
What is the highest common divisor of 100 and 168?
4
Calculate the greatest common factor of 60 and 54.
6
Calculate the highest common factor of 31255 and 133.
133
What is the greatest common divisor of 115 and 23?
23
Calculate the highest common factor of 567 and 1953.
63
What is the highest common divisor of 605 and 3069?
11
Calculate the highest common divisor of 117 and 27.
9
What is the greatest common factor of 4779 and 891?
81
What is the highest common factor of 1420 and 20?
20
What is the highest common divisor of 2754 and 17?
17
What is the greatest common factor of 76 and 12?
4
Calculate the highest common divisor of 1872 and 26.
26
What is the greatest common divisor of 10 and 10?
10
Calculate the highest common factor of 64 and 32480.
32
What is the greatest common divisor of 14 and 126?
14
Calculate the greatest common factor of 28 and 20.
4
Calculate the highest common divisor of 19 and 82.
1
Calculate the highest common factor of 132 and 33.
33
Calculate the greatest common divisor of 9 and 99.
9
What is the greatest common factor of 38 and 152?
38
What is the highest common divisor of 3441 and 3552?
111
What is the highest common divisor of 144 and 156?
12
Calculate the highest common divisor of 810 and 108.
54
Calculate the greatest common factor of 35 and 574.
7
Calculate the highest common factor of 102 and 561.
51
What is the greatest common factor of 55 and 10835?
55
What is the greatest common factor of 100 and 1300?
100
What is the greatest common factor of 17688 and 11?
11
What is the greatest common divisor of 518 and 476?
14
What is the highest common divisor of 8 and 292?
4
Calculate the highest common factor of 1133 and 103.
103
What is the greatest common factor of 18 and 369?
9
What is the highest common factor of 504 and 7596?
36
What is the greatest common factor of 41 and 943?
41
Calculate the greatest common divisor of 2 and 1618.
2
What is the highest common divisor of 117 and 91?
13
Calculate the greatest common divisor of 5246 and 387.
43
What is the greatest common divisor of 57 and 741?
57
What is the highest common divisor of 4 and 1024?
4
What is the highest common divisor of 9 and 3222?
9
What is the greatest common factor of 304 and 32?
16
What is the greatest common factor of 3683 and 29?
29
What is the highest common divisor of 1176 and 3381?
147
What is the highest common factor of 119 and 2482?
17
What is the highest common factor of 253 and 25047?
253
Calculate the greatest common divisor of 41 and 451.
41
What is the greatest common factor of 405 and 249?
3
What is the greatest common divisor of 5338 and 314?
314
Calculate the greatest common divisor of 176 and 16.
16
What is the greatest common factor of 21 and 119?
7
What is the greatest common factor of 147 and 315?
21
What is the greatest common factor of 539 and 735?
49
What is the highest common factor of 14 and 406?
14
Calculate the highest common factor of 240 and 192.
48
Calculate the highest common factor of 69 and 299.
23
What is the highest common divisor of 1025 and 125?
25
Calculate the greatest common divisor of 96 and 160.
32
Calculate the greatest common factor of 6 and 114.
6
Calculate the greatest common divisor of 106 and 36.
2
Calculate the highest common divisor of 333 and 74.
37
What is the highest common factor of 483 and 759?
69
Calculate the greatest common divisor of 18 and 1434.
6
Calculate the highest common factor of 66 and 1551.
33
What is the greatest common factor of 23278 and 206?
206
Calculate the greatest common divisor of 8 and 248.
8
Calculate the greatest common divisor of 35 and 29365.
35
What is the highest common factor of 29 and 2059?
29
What is the highest common factor of 320 and 192?
64
What is the greatest common divisor of 1853 and 68?
17
Calculate the highest common divisor of 203 and 58.
29
Calculate the greatest common factor of 6 and 162.
6
Calculate the highest common factor of 873 and 9.
9
Calculate the greatest common factor of 576 and 36.
36
Calculate the highest common divisor of 2159 and 17.
17
What is the greatest common factor of 1026 and 18?
18
Calculate the greatest common factor of 52 and 4979.
13
What is the highest common divisor of 10 and 42?
2
What is the greatest common factor of 1290 and 30?
30
What is the highest common divisor of 10 and 38890?
10
Calculate the highest common factor of 7956 and 546.
78
What is the greatest common factor of 513 and 4266?
27
What is the greatest common factor of 8080 and 80?
80
Calculate the highest common factor of 5859 and 42.
21
What is the greatest common factor of 85 and 4165?
85
Calculate the greatest common divisor of 222 and 2960.
74
Calculate the greatest common factor of 836 and 190.
38
What is the greatest common factor of 48 and 240?
48
What is the greatest common factor of 60 and 20?
20
Calculate the highest common factor of 32800 and 20.
20
What is the highest common divisor of 155 and 10943?
31
What is the greatest common factor of 976 and 61?
61
Calculate the greatest common factor of 730 and 10.
10
What is the greatest common divisor of 119 and 21?
7
What is the highest common factor of 1508 and 290?
58
What is the greatest common divisor of 64 and 288?
32
Calculate the greatest common divisor of 105 and 75.
15
Calculate the greatest common divisor of 72 and 27.
9
What is the highest common divisor of 58 and 14?
2
What is the greatest common divisor of 18590 and 676?
338
What is the highest common factor of 57 and 1083?
57
Calculate the highest common factor of 88 and 363.
11
What is the highest common divisor of 2811 and 3?
3
Calculate the highest common divisor of 8010 and 36.
18
Calculate the greatest common factor of 138 and 322.
46
What is the greatest common factor of 276 and 2?
2
Calculate the highest common factor of 105 and 770.
35
Calculate the greatest comm